{"id":26,"date":"2018-04-26T23:01:51","date_gmt":"2018-04-26T23:01:51","guid":{"rendered":"https:\/\/www.ecades-esp.org\/?page_id=26"},"modified":"2018-04-27T22:53:25","modified_gmt":"2018-04-27T22:53:25","slug":"quienes-somos","status":"publish","type":"page","link":"https:\/\/www.ecades-esp.org\/?page_id=26","title":{"rendered":"QUIENES SOMOS"},"content":{"rendered":"<p ALIGN=\"justify\">Somos una empresa comunitaria de servicios p\u00fablicos y saneamiento b\u00e1sico orientada a la prestaci\u00f3n de los servicios p\u00fablicos domiciliarios de Acueducto, Alcantarillado, Aseo y Complementarios para el Corregimiento de la Esmeralda en Arauquita, Arauca.<\/p>\n<p>Para nosotros es prioridad los aspectos ambientales y sociales as\u00ed como la participaci\u00f3n, la convivencia comunitaria y el desarrollo, brindando oportunidades y contribuyendo desde nuestro inicio a mejorar la calidad de vida de los habitantes del Corregimiento.<\/p>\n<p>Contamos con personal id\u00f3neo y trabajadores honestos que han colaborado desinteresadamente en la consolidaci\u00f3n de la empresa, que en sus cinco a\u00f1os no han hecho otra cosa que contribuir con el bienestar de la comunidad.<\/p>\n<p>ECADES trabaja con sentido social, con responsabilidad, con conciencia en la preservaci\u00f3n del ambiente, creada para el crecimiento econ\u00f3mico, en la optimizaci\u00f3n de los recursos y en el desarrollo social.<\/p>\n<p>\n","protected":false},"excerpt":{"rendered":"<p>Somos una empresa comunitaria de servicios p\u00fablicos y saneamiento b\u00e1sico orientada a la prestaci\u00f3n de los servicios p\u00fablicos domiciliarios de Acueducto, Alcantarillado, Aseo y Complementarios para el Corregimiento de la Esmeralda en Arauquita, Arauca. Para nosotros es prioridad los aspectos<\/p>\n","protected":false},"author":1,"featured_media":0,"parent":0,"menu_order":0,"comment_status":"open","ping_status":"closed","template":"","meta":{"footnotes":""},"class_list":["post-26","page","type-page","status-publish","hentry"],"_links":{"self":[{"href":"https:\/\/www.ecades-esp.org\/index.php?rest_route=\/wp\/v2\/pages\/26","targetHints":{"allow":["GET"]}}],"collection":[{"href":"https:\/\/www.ecades-esp.org\/index.php?rest_route=\/wp\/v2\/pages"}],"about":[{"href":"https:\/\/www.ecades-esp.org\/index.php?rest_route=\/wp\/v2\/types\/page"}],"author":[{"embeddable":true,"href":"https:\/\/www.ecades-esp.org\/index.php?rest_route=\/wp\/v2\/users\/1"}],"replies":[{"embeddable":true,"href":"https:\/\/www.ecades-esp.org\/index.php?rest_route=%2Fwp%2Fv2%2Fcomments&post=26"}],"version-history":[{"count":2,"href":"https:\/\/www.ecades-esp.org\/index.php?rest_route=\/wp\/v2\/pages\/26\/revisions"}],"predecessor-version":[{"id":114,"href":"https:\/\/www.ecades-esp.org\/index.php?rest_route=\/wp\/v2\/pages\/26\/revisions\/114"}],"wp:attachment":[{"href":"https:\/\/www.ecades-esp.org\/index.php?rest_route=%2Fwp%2Fv2%2Fmedia&parent=26"}],"curies":[{"name":"wp","href":"https:\/\/api.w.org\/{rel}","templated":true}]}}