{"id":144,"date":"2018-04-28T17:10:47","date_gmt":"2018-04-28T17:10:47","guid":{"rendered":"https:\/\/www.ecades-esp.org\/?page_id=144"},"modified":"2019-05-21T22:46:25","modified_gmt":"2019-05-21T22:46:25","slug":"denominacion-identificacion-y-domicilio","status":"publish","type":"page","link":"https:\/\/www.ecades-esp.org\/?page_id=144","title":{"rendered":"DENOMINACI\u00d3N, IDENTIFICACI\u00d3N Y DOMICILIO"},"content":{"rendered":"<p>Seg\u00fan lo establecen los Estatutos vigentes, establece en su <strong>Art\u00edculo 1. Nombre.<\/strong> La organizaci\u00f3n que por medio de estos estatutos se reglamenta es una entidad aut\u00f3noma de car\u00e1cter comunitario y sin \u00e1nimo de lucro, que se constituye como Asociaci\u00f3n de Usuarios y se denomina <strong>Empresa Comunitaria De Servicios P\u00fablicos Y Saneamiento B\u00e1sico Del Corregimiento De La Esmeralda E.S.P.<\/strong> y puede identificarse en sus actuaciones tambi\u00e9n bajo la sigla: <strong>\u201cECADES- ESP\u201d Art\u00edculo 2. Domicilio<\/strong>. La Empresa Comunitaria tendr\u00e1 su domicilio en el Corregimiento De La Esmeralda, Municipio de Arauquita, departamento de Arauca y su sede en la direcci\u00f3n: Carrera 2 N\u00ba 3 &#8211; 21 Barrio El Centro.<\/p>\n<p>&nbsp;<\/p>\n","protected":false},"excerpt":{"rendered":"<p>Seg\u00fan lo establecen los Estatutos vigentes, establece en su Art\u00edculo 1. Nombre. La organizaci\u00f3n que por medio de estos estatutos se reglamenta es una entidad aut\u00f3noma de car\u00e1cter comunitario y sin \u00e1nimo de lucro, que se constituye como Asociaci\u00f3n de<\/p>\n","protected":false},"author":1,"featured_media":0,"parent":0,"menu_order":0,"comment_status":"open","ping_status":"closed","template":"","meta":{"footnotes":""},"class_list":["post-144","page","type-page","status-publish","hentry"],"_links":{"self":[{"href":"https:\/\/www.ecades-esp.org\/index.php?rest_route=\/wp\/v2\/pages\/144","targetHints":{"allow":["GET"]}}],"collection":[{"href":"https:\/\/www.ecades-esp.org\/index.php?rest_route=\/wp\/v2\/pages"}],"about":[{"href":"https:\/\/www.ecades-esp.org\/index.php?rest_route=\/wp\/v2\/types\/page"}],"author":[{"embeddable":true,"href":"https:\/\/www.ecades-esp.org\/index.php?rest_route=\/wp\/v2\/users\/1"}],"replies":[{"embeddable":true,"href":"https:\/\/www.ecades-esp.org\/index.php?rest_route=%2Fwp%2Fv2%2Fcomments&post=144"}],"version-history":[{"count":5,"href":"https:\/\/www.ecades-esp.org\/index.php?rest_route=\/wp\/v2\/pages\/144\/revisions"}],"predecessor-version":[{"id":227,"href":"https:\/\/www.ecades-esp.org\/index.php?rest_route=\/wp\/v2\/pages\/144\/revisions\/227"}],"wp:attachment":[{"href":"https:\/\/www.ecades-esp.org\/index.php?rest_route=%2Fwp%2Fv2%2Fmedia&parent=144"}],"curies":[{"name":"wp","href":"https:\/\/api.w.org\/{rel}","templated":true}]}}